 w. What is the highest common factor of u and 8?
4
Let h = -8 - -8. Let i be 2 + h + 3 + -1. Suppose v = i*v - 72. What is the greatest common factor of 16 and v?
8
Let k be (-6)/(-1)*(-3 - 53)/(-8). Suppose 0*t + 4*t = 56. Calculate the greatest common factor of k and t.
14
Suppose -67 = -o - 3*c - 2*c, -2*o - c + 116 = 0. Suppose -a + 54 + o = 0. Calculate the highest common divisor of a and 74.
37
Let x(b) = -b**3 - 9*b**2 + 5*b. Let n be x(-10). Calculate the greatest common divisor of 70 and n.
10
Suppose -174 = -3*p - 18. Let f = 75 - p. Calculate the highest common divisor of f and 92.
23
Let s be (-3)/(-12) + (-45)/(-12). Suppose -s*i + 0 = -20. What is the highest common divisor of i and 1?
1
Suppose c = -2*l + 198, l - c - 297 = -2*l. Let q = l + -79. What is the highest common divisor of q and 50?
10
Suppose t - 209 = 2*x, 5*t = x - 2*x + 1045. What is the highest common factor of t and 11?
11
Let x be ((-4)/(-6))/(194/1455). Let t(w) = -w**3 - w**2 + w + 2. Let g be t(0). What is the highest common divisor of g and x?
1
Let w be (-156)/(-10)*20/3. Let i = 7 + -10. Let s be (-30 + (i - -7))/(-2). What is the greatest common factor of s and w?
13
Suppose -12*u + 23*u - 528 = 0. Suppose 4*q + 24 = q. Let y be 9/(6*(-2)/q). What is the highest common divisor of u and y?
6
Suppose 31 - 27 = s. Let j(p) = 11*p + 8. Let i be j(s). What is the highest common factor of i and 13?
13
Let d be (40/(-6))/(12/(-18)). Let i(u) = -u**3 - 5*u**2 - 3*u - 5. Let z be i(-5). What is the highest common divisor of d and z?
10
Let f = -675 - -1215. Calculate the greatest common divisor of 27 and f.
27
Let l be (-1 + (1 - -4))*(8 - 1). Let b = l + -19. Calculate the greatest common factor of b and 3.
3
Let k be ((-15)/4)/(35/(-700)). What is the highest common factor of k and 45?
15
Let a = 755 - 672. Calculate the highest common factor of a and 1.
1
Let m(r) = 10*r**2 - 21*r - 368. Let y be m(-14). Calculate the highest common divisor of 46 and y.
46
Let t be (-5)/(-1) - 3 - (0 + 1). Let x(g) = 77*g**2 - 2*g + 1. Let u be x(t). Calculate the greatest common factor of u and 19.
19
Suppose 5*h - 5*h - 2*h + 16 = 0. Let o be -15*1*(-16)/3. Suppose -o = -c - c. Calculate the highest common divisor of c and h.
8
Let i(k) = 133 + 0*k**3 - 3*k + k**3 - 127 + 8*k**2. Let h be i(-8). What is the highest common divisor of 45 and h?
15
Suppose 5*x = 3*r + r, -5*r + 4*x = 0. Suppose -5*n + r*n + 100 = 0. Calculate the greatest common factor of n and 80.
20
Suppose -5*h - 3*n + 151 = -4*n, -h = -2*n - 32. Let t(l) = -2*l + 3 - 5 - 9*l. Let o be t(-2). What is the greatest common divisor of o and h?
10
Suppose 4*n = -39 - 13. Let f = -2 - n. Let v(r) = r**2 - r + 44. Let u be v(0). Calculate the greatest common divisor of u and f.
11
Let m = -73 + 113. Calculate the highest common factor of 180 and m.
20
Let r be 2061/63 + 2/7. What is the highest common factor of 825 and r?
33
Let v be (4 + (-17)/3)*-27. Suppose 3*j = 4*y + j - 182, v = y - j. Calculate the greatest common factor of y and 115.
23
Let d(b) = -b + 20. Let s(i) = i - 20. Let o(f) = 5*d(f) + 4*s(f). Let m be o(8). Calculate the greatest common factor of 3 and m.
3
Let q be (7 + -8)/((-2)/38). Let k = q - -3. What is the highest common factor of 22 and k?
22
Let d(z) = z**3 + 25*z**2 - 27*z + 64. Let c be d(-26). Calculate the highest common divisor of c and 24.
6
Let b(d) = 2*d - 4. Let y be b(8). Let x be 248/(-48) + 5 + 2811/18. Calculate the greatest common factor of x and y.
12
Suppose -4*o - 301 = 359. Let h = -151 - o. Calculate the highest common factor of h and 84.
14
Let c be -9 + (-40)/(-5) + 165. Calculate the highest common factor of c and 410.
82
Let q be (42/(-15))/(3/15). Let b = -17 - q. Let m = b - -4. Calculate the highest common divisor of m and 3.
1
Suppose -2*s = 4*k - 54 - 8, -5*s + 215 = -2*k. Let t = s + -25. Suppose -4*o = -208 - 112. What is the greatest common divisor of o and t?
16
Suppose 5*z = 4*z. Suppose -13 = -z*q - q. Suppose 690 = 5*l + 5*a, 0 = -3*l + 3*a + a + 449. What is the greatest common factor of l and q?
13
Suppose -40 = 4*o + 16. Let t(j) = -j**3 - 13*j**2 + 13*j + 12. Let n be t(o). Calculate the highest common divisor of n and 286.
26
Let u = 2 - 0. Let k(a) = a**3 - 15*a**2 + 5*a - 18. Let r be k(15). Suppose -u*z = 5*b - r - 39, 5*z - 15 = 0. What is the highest common divisor of b and 36?
18
Let u(x) be the third derivative of -11/3*x**3 + 2*x**2 + 0 + 1/60*x**5 - 13/24*x**4 + 0*x. Let n be u(16). What is the highest common factor of 39 and n?
13
Let q be -14 - ((3 - 0) + 1). Let o be 18/81 - 752/q. Calculate the highest common factor of 28 and o.
14
Let u be 5/(-3)*(-7 + (-87)/(-15)). Suppose v + 4*s - 2 = 6*v, 5*v - u*s = 4. What is the greatest common factor of v and 34?
2
Let f = 351 + -331. Let l be (-2)/3 + (-16)/(-6). Let s be ((-66)/(-3))/l - 1. What is the greatest common factor of s and f?
10
Suppose -523 = -5*c + o, -1 = o + 2. Let m(b) = -b**3 - 4*b**2 + b + 4. Let p be m(3). Let v = c + p. What is the greatest common divisor of v and 16?
16
Suppose 52 = 2*u - 26. Suppose u*v = 38*v + 92. Calculate the greatest common divisor of 23 and v.
23
Let i = -2557 + 2901. Calculate the greatest common factor of 24 and i.
8
Let j be (-1*2)/(4/(-16)). Suppose -336 = -6355*d + 6341*d. Calculate the highest common factor of d and j.
8
Let b be 87 - (6/1 - -1). What is the highest common factor of 40 and b?
40
Let k be ((-2)/3)/((-3252)/324 + 10). Calculate the highest common factor of 117 and k.
9
Let z(b) = 20*b + 1. Let w be z(1). Suppose 2*a + 216 = 2*j, -3*j - 5*a + a + 303 = 0. What is the greatest common factor of j and w?
21
Let h be ((-1)/3)/((-37)/2997). Let m(y) = 3*y**2 - y - 1. Let w be (-2)/(-7) + 9/(-7). Let n be m(w). Calculate the greatest common divisor of n and h.
3
Let a be (2/6)/(26/7722). Let u = 4 + 0. Suppose -3*x + u = -29. What is the highest common factor of x and a?
11
Let s(h) = -4*h. Let p(l) = -4*l. Let y be p(-1). Let c be s(y). Let z = 22 + c. Calculate the greatest common divisor of 15 and z.
3
Let c = 364 + -319. Calculate the greatest common factor of 120 and c.
15
Let s = 320 - 192. Suppose 3*o - 4*l = -o + 92, -4*o = 5*l - s. What is the highest common factor of o and 54?
27
Suppose -1806 = 14*a - 57*a. Calculate the greatest common factor of 154 and a.
14
Let f be (430/15)/((-14)/(-105)). Calculate the greatest common divisor of 5 and f.
5
Let o(p) be the first derivative of p**2/2 + 2. Let m be o(5). Suppose 149*d - 330 = 143*d. Calculate the greatest common divisor of d and m.
5
Let r = 88 - 98. Let f be r/5 + 8 + 0. What is the highest common divisor of 12 and f?
6
Suppose 2*b = 89 + 43. Suppose -265 = 13*n - 1266. Let t = -33 + n. Calculate the highest common divisor of b and t.
22
Let h(m) = -6*m + 213. Let y be h(13). What is the highest common factor of 180 and y?
45
Suppose -10*p = 49 - 489. Calculate the greatest common factor of 66 and p.
22
Let m be (410/5 + -1)*(-12)/(-9). What is the greatest common divisor of m and 9?
9
Let l be ((-2064)/48)/((3 - 2)/(-2)). Calculate the highest common divisor of 1376 and l.
86
Suppose -3*j + 6 + 76 = 4*d, 0 = 5*j + 2*d - 118. Calculate the highest common factor of j and 88.
22
Let q(r) = r**2 + 3*r - 10. Let a = 73 + -69. Let i be q(a). Calculate the highest common divisor of 72 and i.
18
Let i be (-4 + 3 - -120) + 1. Suppose 3*j + 2*v - 20 = 0, -4*j + 60 = -2*v - 2*v. Let d be j*4/((-32)/(-12)). Calculate the greatest common factor of i and d.
15
Let d(o) = -355*o - 48*o - 74*o. Let i be d(-1). What is the greatest common divisor of 53 and i?
53
Suppose 377*q - 387*q = -380. Calculate the highest common factor of q and 95.
19
Let t = -218 + 408. Let d = t - 102. Let u be (1 - -1)*(-33)/(-6). What is the highest common factor of u and d?
11
Suppose 4*y = -3*w + 14, 2*w - 38 = 5*y - 44. Calculate the greatest common divisor of y and 47.
1
Suppose -9*l + 7*l = -20. What is the greatest common factor of 35 and l?
5
Suppose 4*b + 256 = 3*r + r, -b = -4*r + 259. Let q be (-3)/(1/2 + (-105)/182). Calculate the highest common factor of q and r.
13
Let g(n) be the first derivative of 11*n**2/2 + 11*n - 4. Let o be g(1). What is the highest common factor of 110 and o?
22
Le